04?
-1066247
In base 4, what is 3033103000331 + -113?
3033103000212
In base 14, what is 2 + -44045a5?
-44045a3
In base 2, what is 1100 - 101100001101110101?
-101100001101101001
In base 4, what is -121303230103 - 22?
-121303230131
In base 9, what is 7002 - -3644?
11646
In base 11, what is -384 + 6259?
5985
In base 7, what is 531 - 11202024?
-11201163
In base 12, what is 5aa1 + 10461?
16342
In base 5, what is -3234243004 - -13?
-3234242441
In base 12, what is bb906 - -34?
bb93a
In base 10, what is -2520 - -463?
-2057
In base 16, what is -1b09d + c9?
-1afd4
In base 15, what is -c4 + -3b33?
-3c07
In base 7, what is 15016 + -12031?
2655
In base 2, what is -11100111001 + -110001000100010011?
-110001100001001100
In base 16, what is -814b - 92?
-81dd
In base 8, what is 64 - -233461?
233545
In base 3, what is -1010202211110200 - 11?
-1010202211110211
In base 11, what is a79 + -516a?
-41a1
In base 12, what is 2a5 + -b4?
1b1
In base 11, what is 2a40306 + 5?
2a40310
In base 9, what is -4 - 130673106?
-130673111
In base 12, what is -5b2b7 - -b98?
-5a31b
In base 9, what is -30 + 516248?
516218
In base 16, what is -31cc - -576?
-2c56
In base 15, what is 1600 + 18ba?
2eba
In base 5, what is -3422240 - -4?
-3422231
In base 15, what is -5 + 5422b97?
5422b92
In base 3, what is 102201222 - 110021012?
-112020
In base 2, what is -1010010101 - 1011111101011000?
-1100000111101101
In base 3, what is -201 - 22221112000200?
-22221112001101
In base 7, what is 35363040 + -3?
35363034
In base 9, what is -2 + -400418302?
-400418304
In base 4, what is 2332330112 + -202?
2332323310
In base 4, what is -323 - -12233133231?
12233132302
In base 6, what is 2 + -50131022?
-50131020
In base 13, what is 5 - -11154282?
11154287
In base 6, what is 2450 + -3305553?
-3303103
In base 3, what is -220 + -220122212111?
-220122220101
In base 12, what is 3a4 + 332163?
332547
In base 11, what is 443 + -5155?
-4812
In base 14, what is -441 + 550d7?
54a96
In base 9, what is 1267004125 - -4?
1267004130
In base 10, what is -708615 + -3?
-708618
In base 9, what is -57757 + -16214?
-75072
In base 13, what is -75a - -207005?
206578
In base 8, what is 4 + 137725201?
137725205
In base 14, what is -13 - 5c1d0?
-5c203
In base 2, what is 0 - 10000000101100010101110000?
-10000000101100010101110000
In base 6, what is -14 + 1545312?
1545254
In base 6, what is -4233422305 + -2?
-4233422311
In base 8, what is 4322 - 10577?
-4255
In base 12, what is -2212 + -39?
-224b
In base 16, what is 8f36a + -4a?
8f320
In base 10, what is 1132 - 12847?
-11715
In base 2, what is 11000100100110011 + 100000100010?
11001000101010101
In base 14, what is -c0487 - 2?
-c0489
In base 12, what is a8b80 + 263?
a9223
In base 11, what is a - -50453a?
504549
In base 9, what is -42627 - 30?
-42657
In base 15, what is 4 + 175ea0ce?
175ea0d3
In base 2, what is 10000010111111100101000001111 - 11?
10000010111111100101000001100
In base 8, what is -471144 - -1140?
-470004
In base 16, what is -264 - -711b8?
70f54
In base 7, what is -1 - 10510046360?
-10510046361
In base 8, what is -26052 - 3231?
-31303
In base 11, what is -88506626 - -4?
-88506622
In base 2, what is 1100 + -1000001001100010110111?
-1000001001100010101011
In base 10, what is -4 - -18839317?
18839313
In base 4, what is 32 + 2002200302?
2002201000
In base 8, what is -70237244 - 15?
-70237261
In base 14, what is 96c2637d + -3?
96c2637a
In base 8, what is -14573 - 206636?
-223431
In base 12, what is ab2188b - 0?
ab2188b
In base 2, what is -101011 + -11101000100110100100?
-11101000100111001111
In base 9, what is 1052583 - 40?
1052543
In base 4, what is 32300213 - -200212?
33101031
In base 10, what is -16197 + -1194?
-17391
In base 6, what is -533002225 + 5?
-533002220
In base 14, what is -1418d09 - 8?
-1418d13
In base 9, what is -11 + 504541?
504530
In base 13, what is -a - -366139?
36612c
In base 8, what is -353 + -4203?
-4556
In base 12, what is a08b8 - -33?
a092b
In base 15, what is -3b1 + -12c01?
-130b2
In base 9, what is -11 - 6167654?
-6167665
In base 3, what is 1 - -22011202000?
22011202001
In base 2, what is -10100000011001101 + -10?
-10100000011001111
In base 7, what is 25120500152 + 1?
25120500153
In base 12, what is -48 - 4a4610?
-4a4658
In base 3, what is 1102020121122000 - -2011?
1102020121201011
In base 15, what is -7 + 6843b5?
6843ad
In base 14, what is a + 12d3d3d3?
12d3d3dd
In base 16, what is -2f48a - -4e?
-2f43c
In base 12, what is 1 + -71104426?
-71104425
In base 6, what is -4 + 230500550?
230500542
In base 5, what is 432442443322 + -10?
432442443312
In base 13, what is 4 + -9c70245?
-9c70241
In base 15, what is -5 - 2b7554?
-2b7559
In base 11, what is 97465 - -19?
97483
In base 5, what is 13 - -3131222221?
3131222234
In base 2, what is -101 + 10101111000000110011?
10101111000000101110
In base 8, what is 21550336 + 1?
21550337
In base 12, what is 1a0231 - 1125?
19b108
In base 9, what is -68 + -3340057?
-3340136
In base 11, what is 0 + -a862a21?
-a862a21
In base 15, what is 101e3 - 14?
101ce
In base 13, what is 181b - -9b5?
2503
In base 13, what is -5 - 7ac3382?
-7ac3387
In base 6, what is 4124450 + -355?
4124051
In base 5, what is 3 - -134330443403?
134330443411
In base 7, what is -1430 - -154001?
152241
In base 4, what is 102321 - -11333301?
12102222
In base 14, what is -18 - 54424?
-5443c
In base 15, what is -dd8301 + -a?
-dd830b
In base 4, what is -2 + -10130313332221?
-10130313332223
In base 6, what is 1045323453 + 3?
1045323500
In base 2, what is 1001110101101110011101 - 1111?
1001110101101110001110
In base 11, what is -3 + 55267450?
55267448
In base 4, what is 2312103132 - -2?
2312103200
In base 11, what is -12165a8 - -17?
-1216591
In base 3, what is 101 + 20001020012?
20001020120
In base 3, what is 10221 + -122112220201?
-122112202210
In base 9, what is 1 + -47843574?
-47843573
In base 3, what is 1022110020022 - 202212?
1022102110110
In base 6, what is -150052 - -1053?
-144555
In base 16, what is 14c + 1ac2d?
1ad79
In base 5, what is 220 - 1122133?
-1121413
In base 14, what is 16012 + -6170?
dc82
In base 3, what is -12 - -1022211102111?
1022211102022
In base 10, what is -1591 - 103921?
-105512
In base 15, what is 6aa - 28bd?
-2213
In base 6, what is 21 - -255045025?
255045050
In base 8, what is 6 - -2454672?
2454700
In base 9, what is -60820 + 37?
-60772
In base 7, what is -25036313 + -23?
-25036336
In base 6, what is 4 + -10151413042?
-10151413034
In base 4, what is -300102 - -1131101?
230333
In base 16, what is -f - 2bc244?
-2bc253
In base 11, what is -9a + -173387a?
-1733969
In base 9, what is 31605 + 6656?
38362
In base 12, what is -76705 - 21?
-76726
In base 9, what is 1240 + 18322?
20562
In base 10, what is -80 - 26240?
-26320
In base 10, what is -1 - -63846165?
63846164
In base 6, what is 5444553 - 4?
5444545
In base 13, what is -52491b - -3b?
-5248b0
In base 6, what is -1033 + 20211254?
20210221
In base 11, what is -3 - -27a8aa?
27a8a7
In base 6, what is -11043 + 4144?
-2455
In base 15, what is -10 - 146d5ab?
-146d5bb
In base 2, what is 100011101111110 - -1010000110?
100101000000100
In base 16, what is 776fa0 - 6?
776f9a
In base 3, what is -21120222010 - 2?
-21120222012
In base 16, what is -3 - -132aae3?
132aae0
In base 11, what is -106 - 57370?
-57476
In base 14, what is -3b361d - 3?
-3b3622
In base 3, what is -1200010102 + 120020210?
-1002212122
In base 4, what is -1013313302122 + -2?
-1013313302130
In base 3, what is 2 - 12101122122?
-12101122120
In base 3, what is -12211 + -2022111011?
-2022200222
In base 5, what is -21043104 + 43?
-21043011
In base 12, what is 1 + 441654?
441655
In base 2, what is 11010000010110100111 - 11111011?
11010000010010101100
In base 13, what is 587 + 17128?
176b2
In base 13, what is -2 - 3058592?
-3058594
In base 14, what is 2 - -4a63466?
4a63468
In base 2, what is 111010000100100 + -100110000101?
110101010011111
In base 4, what is 112 + 212202133231?
212202200003
In base 7, what is 16202 + 31146?
50351
In base 16, what is -4 + -bb08e0f?
-bb08e13
In base 10, what is 80277 + -1615?
78662
In base 15, what is -540c + -b1d?
-602a
In base 11, what is -4228084 - 2?
-4228086
In base 8, what is 1504701512 - -5?
1504701517
In base 9, what is 1486334005 - 4?
1486334001
In base 7, what is -15 + -10460351?
-10460366
In base 9, 